{"id":298,"date":"2021-10-25T17:13:36","date_gmt":"2021-10-25T17:13:36","guid":{"rendered":"http:\/\/fastwpdemo.com\/newwp\/vcamp\/?page_id=298"},"modified":"2025-11-03T18:47:12","modified_gmt":"2025-11-03T18:47:12","slug":"inicio","status":"publish","type":"page","link":"https:\/\/webactiva.cl\/","title":{"rendered":"Inicio"},"content":{"rendered":"\t\t<div data-elementor-type=\"wp-page\" data-elementor-id=\"298\" class=\"elementor elementor-298\">\n\t\t\t\t\t\t<section class=\"elementor-section elementor-top-section elementor-element elementor-element-c1140fa elementor-section-full_width elementor-section-height-default elementor-section-height-default\" data-id=\"c1140fa\" data-element_type=\"section\">\n\t\t\t\t\t\t<div class=\"elementor-container elementor-column-gap-default\">\n\t\t\t\t\t<div class=\"elementor-column elementor-col-100 elementor-top-column elementor-element elementor-element-d02e868\" data-id=\"d02e868\" data-element_type=\"column\">\n\t\t\t<div class=\"elementor-widget-wrap elementor-element-populated\">\n\t\t\t\t\t\t<div class=\"elementor-element elementor-element-5818989 elementor-widget elementor-widget-vcamp_hero_four\" data-id=\"5818989\" data-element_type=\"widget\" data-widget_type=\"vcamp_hero_four.default\">\n\t\t\t\t<div class=\"elementor-widget-container\">\n\t\t\t\t\t\t<!-- \r\n\t=============================================\r\n\t\tTheme Hero Banner\r\n\t============================================== \r\n\t-->\r\n\t<div class=\"box-layout\">\r\n\t\t<div class=\"hero-banner-four\">\r\n\t\t\t<div class=\"hero_slider_two\">\r\n\t\t\t\t\t\t\t\t<div class=\"item\">\r\n\t\t\t\t\t<div class=\"content-wrapper\">\r\n\t\t\t\t\t\t<img decoding=\"async\" src=\"https:\/\/webactiva.cl\/wp-content\/uploads\/2025\/10\/web1.png\" alt=\"Awesome Image\" class=\"hero-img\">\t\t\t\t\t\t<div class=\"slider-inner\">\r\n\t\t\t\t\t\t\t<div class=\"hero-content\">\r\n\t\t\t\t\t\t\t\t\t\t\t\t\t\t\t\t<a class=\"fancybox video-icon d-flex align-items-center justify-content-center\" data-fancybox=\"\" href=\"https:\/\/vimeo.com\/1124281502?share=copy\">\r\n\t\t\t\t\t\t\t\t\t<img decoding=\"async\" src=\"https:\/\/webactiva.cl\/wp-content\/themes\/vcamp\/assets\/images\/icon\/icon_41.svg\" alt=\"Awesome Image\">\r\n\t\t\t\t\t\t\t\t<\/a>\r\n\t\t\t\t\t\t\t\t\t\t\t\t\t\t\t\t<h2 class=\"hero-heading position-relative\">Sitios Web<\/h2>\t\t\t\t\t\t\t\t<p class=\"hero-sub-heading position-relative\">Dise\u00f1amos y desarrollamos p\u00e1ginas web modernas, r\u00e1pidas y adaptadas a tus necesidades<\/p>\t\t\t\t\t\t\t\t<a href=\"http:\/\/fastwpdemo.com\/newwp\/vcamp\/contact-standard\/\" class=\"theme-btn-one border0 ripple-btn\">VER MAS<\/a>\t\t\t\t\t\t\t<\/div> <!-- \/.hero-content -->\r\n\t\t\t\t\t\t<\/div> <!-- \/.slider-inner -->\r\n\t\t\t\t\t<\/div>\r\n\t\t\t\t<\/div>\r\n\t\t\t\t\t\t\t\t<div class=\"item\">\r\n\t\t\t\t\t<div class=\"content-wrapper\">\r\n\t\t\t\t\t\t<img decoding=\"async\" src=\"https:\/\/webactiva.cl\/wp-content\/uploads\/2025\/10\/slide_redes.png\" alt=\"Awesome Image\" class=\"hero-img\">\t\t\t\t\t\t<div class=\"slider-inner\">\r\n\t\t\t\t\t\t\t<div class=\"hero-content\">\r\n\t\t\t\t\t\t\t\t\t\t\t\t\t\t\t\t<a class=\"fancybox video-icon d-flex align-items-center justify-content-center\" data-fancybox=\"\" href=\"https:\/\/vimeo.com\/1124281502?share=copy\">\r\n\t\t\t\t\t\t\t\t\t<img decoding=\"async\" src=\"https:\/\/webactiva.cl\/wp-content\/themes\/vcamp\/assets\/images\/icon\/icon_41.svg\" alt=\"Awesome Image\">\r\n\t\t\t\t\t\t\t\t<\/a>\r\n\t\t\t\t\t\t\t\t\t\t\t\t\t\t\t\t<h2 class=\"hero-heading position-relative\">Redes Sociales que Conectan<\/h2>\t\t\t\t\t\t\t\t<p class=\"hero-sub-heading position-relative\">Creamos estrategias de contenido y gesti\u00f3n en redes sociales para aumentar tu visibilidad<\/p>\t\t\t\t\t\t\t\t<a href=\"http:\/\/fastwpdemo.com\/newwp\/vcamp\/contact-standard\/\" class=\"theme-btn-one border0 ripple-btn\">VER MAS<\/a>\t\t\t\t\t\t\t<\/div> <!-- \/.hero-content -->\r\n\t\t\t\t\t\t<\/div> <!-- \/.slider-inner -->\r\n\t\t\t\t\t<\/div>\r\n\t\t\t\t<\/div>\r\n\t\t\t\t\t\t\t\t<div class=\"item\">\r\n\t\t\t\t\t<div class=\"content-wrapper\">\r\n\t\t\t\t\t\t<img decoding=\"async\" src=\"https:\/\/webactiva.cl\/wp-content\/uploads\/2025\/10\/ads_slide.png\" alt=\"Awesome Image\" class=\"hero-img\">\t\t\t\t\t\t<div class=\"slider-inner\">\r\n\t\t\t\t\t\t\t<div class=\"hero-content\">\r\n\t\t\t\t\t\t\t\t\t\t\t\t\t\t\t\t<a class=\"fancybox video-icon d-flex align-items-center justify-content-center\" data-fancybox=\"\" href=\"https:\/\/vimeo.com\/1124281502?share=copy\">\r\n\t\t\t\t\t\t\t\t\t<img decoding=\"async\" src=\"https:\/\/webactiva.cl\/wp-content\/themes\/vcamp\/assets\/images\/icon\/icon_41.svg\" alt=\"Awesome Image\">\r\n\t\t\t\t\t\t\t\t<\/a>\r\n\t\t\t\t\t\t\t\t\t\t\t\t\t\t\t\t<h2 class=\"hero-heading position-relative\">Campa\u00f1as en Google Ads<\/h2>\t\t\t\t\t\t\t\t<p class=\"hero-sub-heading position-relative\">Potenciamos tu negocio con campa\u00f1as segmentadas y optimizadas en Google Ads<\/p>\t\t\t\t\t\t\t\t<a href=\"http:\/\/fastwpdemo.com\/newwp\/vcamp\/contact-standard\/\" class=\"theme-btn-one border0 ripple-btn\">VER MAS<\/a>\t\t\t\t\t\t\t<\/div> <!-- \/.hero-content -->\r\n\t\t\t\t\t\t<\/div> <!-- \/.slider-inner -->\r\n\t\t\t\t\t<\/div>\r\n\t\t\t\t<\/div>\r\n\t\t\t\t\t\t\t<\/div>\r\n\t\t<\/div> <!-- \/.hero-banner-four -->\r\n\t<\/div> <!-- \/.box-layout -->\r\n\t<!-- \r\n\t=============================================\r\n\t\tEnd Theme Hero Banner\r\n\t============================================== \r\n\t-->\r\n\t\t\t\t\t<\/div>\n\t\t\t\t<\/div>\n\t\t\t\t\t<\/div>\n\t\t<\/div>\n\t\t\t\t\t<\/div>\n\t\t<\/section>\n\t\t\t\t<section class=\"elementor-section elementor-top-section elementor-element elementor-element-7e8113d elementor-section-full_width elementor-section-height-default elementor-section-height-default\" data-id=\"7e8113d\" data-element_type=\"section\">\n\t\t\t\t\t\t<div class=\"elementor-container elementor-column-gap-default\">\n\t\t\t\t\t<div class=\"elementor-column elementor-col-100 elementor-top-column elementor-element elementor-element-f4a9fe4\" data-id=\"f4a9fe4\" data-element_type=\"column\">\n\t\t\t<div class=\"elementor-widget-wrap\">\n\t\t\t\t\t\t\t<\/div>\n\t\t<\/div>\n\t\t\t\t\t<\/div>\n\t\t<\/section>\n\t\t\t\t<section class=\"elementor-section elementor-top-section elementor-element elementor-element-ab385bb elementor-section-full_width elementor-section-height-default elementor-section-height-default\" data-id=\"ab385bb\" data-element_type=\"section\">\n\t\t\t\t\t\t<div class=\"elementor-container elementor-column-gap-default\">\n\t\t\t\t\t<div class=\"elementor-column elementor-col-100 elementor-top-column elementor-element elementor-element-4d5dc06\" data-id=\"4d5dc06\" data-element_type=\"column\">\n\t\t\t<div class=\"elementor-widget-wrap elementor-element-populated\">\n\t\t\t\t\t\t<div class=\"elementor-element elementor-element-cd0d4e5 elementor-widget elementor-widget-vcamp_included_services\" data-id=\"cd0d4e5\" data-element_type=\"widget\" data-widget_type=\"vcamp_included_services.default\">\n\t\t\t\t<div class=\"elementor-widget-container\">\n\t\t\t\t\t\t<!-- \n\t=============================================\n\t\tVcamp Feature Section Three\n\t============================================== \n\t-->\n\t<div class=\"vcamp-feature-section-three mt-200 lg-mt-120\">\n\t\t<div class=\"container\">\n\t\t\t<div class=\"row align-items-center mb-50 md-mb-20\">\n\t\t\t\t<div class=\"col-lg-5 col-md-6 col-sm-8\">\n\t\t\t\t\t\t\t\t\t\t<div class=\"title-style-four\">\n\t\t\t\t\t\t<h2 class=\"title\">Nuestros Servicios Digitales<\/h2>\n\t\t\t\t\t<\/div>\n\t\t\t\t\t  \n\t\t\t\t<\/div>\n\t\t\t\t\t\t\t\t<div class=\"col-md-6 col-sm-4 me-auto text-sm-end text-start\">\n\t\t\t\t\t<a href=\"http:\/\/fastwpdemo.com\/newwp\/vcamp\/service-minimal\/\" class=\"theme-btn-five position-relative xs-mt-30\">M\u00e1s Servicios<\/a>\n\t\t\t\t<\/div>\n\t\t\t\t \n\t\t\t<\/div>\n\t\t\t<div class=\"row\">\n\t\t\t\t\t\t\t\t<div class=\"col-lg-3 col-sm-6\">\n\t\t\t\t\t<div class=\"card-style-three mt-50\">\n\t\t\t\t\t\t<div class=\"icon d-flex align-items-center justify-content-center\"><img decoding=\"async\" src=\"https:\/\/webactiva.cl\/wp-content\/uploads\/2021\/11\/icon_24.svg\" alt=\"Awesome Image\" class=\"tran3s\"><\/div>\n\t\t\t\t\t\t<h4 class=\"title\">Dise\u00f1o y Desarrollo Web<\/h4>\n\t\t\t\t\t\t\t\t\t\t\t\t\t\t<ul class=\"style-none\">\n\t\t\t\t\t\t\t\t\t\t\t\t\t\t   <li>Sitios modernos, r\u00e1pidos y adaptables a cualquier dispositivo.<\/li>\n\t\t\t\t\t\t\t\t\t\t\t\t\t\t<\/ul>\n\t\t\t\t\t\t\t\t\t\t\t\t<\/div> <!-- \/.card-style-three -->\n\t\t\t\t<\/div>\n\t\t\t\t\t\t\t\t<div class=\"col-lg-3 col-sm-6\">\n\t\t\t\t\t<div class=\"card-style-three mt-50\">\n\t\t\t\t\t\t<div class=\"icon d-flex align-items-center justify-content-center\"><img decoding=\"async\" src=\"https:\/\/webactiva.cl\/wp-content\/uploads\/2021\/11\/icon_25.svg\" alt=\"Awesome Image\" class=\"tran3s\"><\/div>\n\t\t\t\t\t\t<h4 class=\"title\">Gesti\u00f3n de Redes Sociales<\/h4>\n\t\t\t\t\t\t\t\t\t\t\t\t\t\t<ul class=\"style-none\">\n\t\t\t\t\t\t\t\t\t\t\t\t\t\t   <li>Estrategias de contenido y comunidad que hacen crecer tu marca.<\/li>\n\t\t\t\t\t\t\t\t\t\t\t\t\t\t<\/ul>\n\t\t\t\t\t\t\t\t\t\t\t\t<\/div> <!-- \/.card-style-three -->\n\t\t\t\t<\/div>\n\t\t\t\t\t\t\t\t<div class=\"col-lg-3 col-sm-6\">\n\t\t\t\t\t<div class=\"card-style-three mt-50\">\n\t\t\t\t\t\t<div class=\"icon d-flex align-items-center justify-content-center\"><img decoding=\"async\" src=\"https:\/\/webactiva.cl\/wp-content\/uploads\/2021\/11\/icon_26.svg\" alt=\"Awesome Image\" class=\"tran3s\"><\/div>\n\t\t\t\t\t\t<h4 class=\"title\">Campa\u00f1as en Google Ads<\/h4>\n\t\t\t\t\t\t\t\t\t\t\t\t\t\t<ul class=\"style-none\">\n\t\t\t\t\t\t\t\t\t\t\t\t\t\t   <li>Publicidad segmentada para llegar a tus clientes en el momento exacto.<\/li>\n\t\t\t\t\t\t\t\t\t\t\t\t\t\t<\/ul>\n\t\t\t\t\t\t\t\t\t\t\t\t<\/div> <!-- \/.card-style-three -->\n\t\t\t\t<\/div>\n\t\t\t\t\t\t\t\t<div class=\"col-lg-3 col-sm-6\">\n\t\t\t\t\t<div class=\"card-style-three mt-50\">\n\t\t\t\t\t\t<div class=\"icon d-flex align-items-center justify-content-center\"><img decoding=\"async\" src=\"https:\/\/webactiva.cl\/wp-content\/uploads\/2021\/11\/icon_27.svg\" alt=\"Awesome Image\" class=\"tran3s\"><\/div>\n\t\t\t\t\t\t<h4 class=\"title\">Optimizaci\u00f3n SEO<\/h4>\n\t\t\t\t\t\t\t\t\t\t\t\t\t\t<ul class=\"style-none\">\n\t\t\t\t\t\t\t\t\t\t\t\t\t\t   <li>Mejoramos tu visibilidad en buscadores para atraer tr\u00e1fico org\u00e1nico.<\/li>\n\t\t\t\t\t\t\t\t\t\t\t\t\t\t<\/ul>\n\t\t\t\t\t\t\t\t\t\t\t\t<\/div> <!-- \/.card-style-three -->\n\t\t\t\t<\/div>\n\t\t\t\t\t\t\t<\/div>\n\t\t<\/div>\n\t<\/div> <!-- \/.vcamp-feature-section-three -->\n\t<!-- \n\t=============================================\n\t\tEnd Vcamp Feature Section Three\n\t============================================== \n\t-->\n\t\t\t\t\t<\/div>\n\t\t\t\t<\/div>\n\t\t\t\t\t<\/div>\n\t\t<\/div>\n\t\t\t\t\t<\/div>\n\t\t<\/section>\n\t\t\t\t<section class=\"elementor-section elementor-top-section elementor-element elementor-element-adb34d6 elementor-section-full_width elementor-section-height-default elementor-section-height-default\" data-id=\"adb34d6\" data-element_type=\"section\">\n\t\t\t\t\t\t<div class=\"elementor-container elementor-column-gap-default\">\n\t\t\t\t\t<div class=\"elementor-column elementor-col-100 elementor-top-column elementor-element elementor-element-a6536b8\" data-id=\"a6536b8\" data-element_type=\"column\">\n\t\t\t<div class=\"elementor-widget-wrap elementor-element-populated\">\n\t\t\t\t\t\t<div class=\"elementor-element elementor-element-ceb1d78 elementor-widget elementor-widget-vcamp_provide_best_solutions\" data-id=\"ceb1d78\" data-element_type=\"widget\" data-widget_type=\"vcamp_provide_best_solutions.default\">\n\t\t\t\t<div class=\"elementor-widget-container\">\n\t\t\t\t\t\t<!--\n\t=====================================================\n\t\tVcamp Text Block Four\n\t=====================================================\n\t-->\n\t<div class=\"vcamp-text-block-four mt-200 lg-mt-120\">\n\t\t<div class=\"row g-0\">\n\t\t\t\t\t\t<div class=\"col-lg-6 d-flex left-side\" style=\"background-image:url(https:\/\/webactiva.cl\/wp-content\/uploads\/2025\/10\/ecomere.png)\">\n\t\t\t\t<div class=\"content-wrapper w-100 h-100 position-relative\">\n\t\t\t\t\t<div class=\"text-wrapper position-relative ms-lg-auto\">\n\t\t\t\t\t\t<h2 class=\"title\">Tu negocio <br>merece una web que venda<\/h2>\n\t\t\t\t\t\t<p>Creamos sitios modernos, r\u00e1pidos y seguros, optimizados para cualquier dispositivo.<\/p>\n\t\t\t\t\t\t<a href=\"http:\/\/fastwpdemo.com\/newwp\/vcamp\/team-standard\/\" class=\"more-button ripple-btn\"><i class=\"bi bi-chevron-right\"><\/i><\/a>\n\t\t\t\t\t<\/div> <!-- \/.text-wrapper -->\n\t\t\t\t<\/div> <!-- \/.content-wrapper -->\n\t\t\t<\/div> <!-- \/.left-side -->\n\t\t\t\t\t\t<div class=\"col-lg-6 d-flex right-side\" style=\"background-image:url(https:\/\/webactiva.cl\/wp-content\/uploads\/2025\/10\/seo.png)\">\n\t\t\t\t<div class=\"content-wrapper w-100 h-100 position-relative\">\n\t\t\t\t\t<div class=\"text-wrapper position-relative ms-lg-auto\">\n\t\t\t\t\t\t<h2 class=\"title\">Llega a tus<br>clientes en el momento exacto<\/h2>\n\t\t\t\t\t\t<p>Potencia tu marca con campa\u00f1as en Google Ads y redes sociales que generan resultados reales.<\/p>\n\t\t\t\t\t\t<a href=\"http:\/\/fastwpdemo.com\/newwp\/vcamp\/creative-layout\/\" class=\"more-button ripple-btn\"><i class=\"bi bi-chevron-right\"><\/i><\/a>\n\t\t\t\t\t<\/div> <!-- \/.text-wrapper -->\n\t\t\t\t<\/div> <!-- \/.content-wrapper -->\n\t\t\t<\/div> <!-- \/.left-side -->\n\t\t\t\t\t<\/div>\n\t<\/div> <!-- \/.vcamp-text-block-four -->\n\t<!--\n\t=====================================================\n\t\tEnd Vcamp Text Block Four\n\t=====================================================\n\t-->\n\t\t\t\t\t<\/div>\n\t\t\t\t<\/div>\n\t\t\t\t\t<\/div>\n\t\t<\/div>\n\t\t\t\t\t<\/div>\n\t\t<\/section>\n\t\t\t\t<section class=\"elementor-section elementor-top-section elementor-element elementor-element-f225679 elementor-section-full_width elementor-section-height-default elementor-section-height-default\" data-id=\"f225679\" data-element_type=\"section\">\n\t\t\t\t\t\t<div class=\"elementor-container elementor-column-gap-default\">\n\t\t\t\t\t<div class=\"elementor-column elementor-col-100 elementor-top-column elementor-element elementor-element-09f70c7\" data-id=\"09f70c7\" data-element_type=\"column\">\n\t\t\t<div class=\"elementor-widget-wrap elementor-element-populated\">\n\t\t\t\t\t\t<div class=\"elementor-element elementor-element-8078bef elementor-widget elementor-widget-vcamp_visual_strategy\" data-id=\"8078bef\" data-element_type=\"widget\" data-widget_type=\"vcamp_visual_strategy.default\">\n\t\t\t\t<div class=\"elementor-widget-container\">\n\t\t\t\t\t\n\t<!--\n\t=====================================================\n\t\tVcamp Text Block Five\n\t=====================================================\n\t-->\n\t<div class=\"vcamp-text-block-five mt-170 lg-mt-120\">\n\t\t<div class=\"container\">\n\t\t\t<div class=\"row align-items-center\">\n\t\t\t\t                <div class=\"col-xxl-5 col-lg-6\">\n\t\t\t\t\t<div class=\"text-wrapper\">\n\t\t\t\t\t\t<div class=\"title-style-five\">\n\t\t\t\t\t\t\t<div class=\"upper-title\">Porque transformamos tu presencia digital en resultados reales.<\/div>\t\t\t\t\t\t\t<h2 class=\"title\">\u00bfPor qu\u00e9 <br> trabajar con Web Activa?<\/h2>\t\t\t\t\t\t<\/div>\n\t\t\t\t\t\t<p class=\"text-lg\">Nuestro equipo te acompa\u00f1a desde la idea hasta el resultado<\/p>\t\t\t\t\t<\/div>\n\t\t\t\t<\/div>\n                                \n\t\t\t\t<div class=\"col-xl-5 col-lg-6 ms-auto\">\n\t\t\t\t\t<div class=\"accordion accordion-style-one md-mt-30\" id=\"accordionOne\">\n\t\t\t\t\t\t\t\t\t\t\t\t<div class=\"accordion-item\">\n                            <div class=\"accordion-header\" id=\"headingOne1\">\n                                <button class=\"accordion-button collapsed\" type=\"button\" data-bs-toggle=\"collapse\" data-bs-target=\"#collapseOne1\" aria-expanded=\"true\" aria-controls=\"collapseOne1\">\n                                    1. \u00bfQu\u00e9 nos diferencia?                                <\/button>\n                            <\/div>\n                            <div id=\"collapseOne1\" class=\"accordion-collapse collapse \" aria-labelledby=\"headingOne1\" data-bs-parent=\"#accordionOne\">\n                                <div class=\"accordion-body\">\n                                    <p>Nos enfocamos en resultados medibles, no solo en apariencia. Cada proyecto tiene objetivos claros y m\u00e9tricas que muestran tu crecimiento. <\/p>\n                                <\/div>\n                            <\/div>\n                        <\/div>\n\t\t\t\t\t\t\t\t\t\t\t\t<div class=\"accordion-item\">\n                            <div class=\"accordion-header\" id=\"headingOne2\">\n                                <button class=\"accordion-button \" type=\"button\" data-bs-toggle=\"collapse\" data-bs-target=\"#collapseOne2\" aria-expanded=\"true\" aria-controls=\"collapseOne2\">\n                                    2. \u00bfC\u00f3mo trabajamos?                                <\/button>\n                            <\/div>\n                            <div id=\"collapseOne2\" class=\"accordion-collapse collapse show\" aria-labelledby=\"headingOne2\" data-bs-parent=\"#accordionOne\">\n                                <div class=\"accordion-body\">\n                                    <p>Escuchamos tus necesidades, planificamos una estrategia digital a medida y la ejecutamos con herramientas de \u00faltima generaci\u00f3n. <\/p>\n                                <\/div>\n                            <\/div>\n                        <\/div>\n\t\t\t\t\t\t\t\t\t\t\t\t<div class=\"accordion-item\">\n                            <div class=\"accordion-header\" id=\"headingOne3\">\n                                <button class=\"accordion-button collapsed\" type=\"button\" data-bs-toggle=\"collapse\" data-bs-target=\"#collapseOne3\" aria-expanded=\"true\" aria-controls=\"collapseOne3\">\n                                    3. \u00bfQu\u00e9 obtienes al elegirnos?                                <\/button>\n                            <\/div>\n                            <div id=\"collapseOne3\" class=\"accordion-collapse collapse \" aria-labelledby=\"headingOne3\" data-bs-parent=\"#accordionOne\">\n                                <div class=\"accordion-body\">\n                                    <p>Un equipo comprometido, soporte constante y una marca que se posiciona fuerte en el mundo digital. <\/p>\n                                <\/div>\n                            <\/div>\n                        <\/div>\n\t\t\t\t\t\t\t\t\t\t\t<\/div>\n\t\t\t\t<\/div>\n\t\t\t<\/div>\n\t\t<\/div>\n\t<\/div> <!-- \/.vcamp-text-block-five -->\n\t<!--\n\t=====================================================\n\t\tEnd Vcamp Text Block Five\n\t=====================================================\n\t-->\n    \t\t\t\t<\/div>\n\t\t\t\t<\/div>\n\t\t\t\t\t<\/div>\n\t\t<\/div>\n\t\t\t\t\t<\/div>\n\t\t<\/section>\n\t\t\t\t<section class=\"elementor-section elementor-top-section elementor-element elementor-element-bbb20d1 elementor-section-full_width elementor-section-height-default elementor-section-height-default\" data-id=\"bbb20d1\" data-element_type=\"section\">\n\t\t\t\t\t\t<div class=\"elementor-container elementor-column-gap-default\">\n\t\t\t\t\t<div class=\"elementor-column elementor-col-100 elementor-top-column elementor-element elementor-element-5ae7e69\" data-id=\"5ae7e69\" data-element_type=\"column\">\n\t\t\t<div class=\"elementor-widget-wrap elementor-element-populated\">\n\t\t\t\t\t\t<div class=\"elementor-element elementor-element-6594af0 elementor-widget elementor-widget-vcamp_helping_customers_two\" data-id=\"6594af0\" data-element_type=\"widget\" data-widget_type=\"vcamp_helping_customers_two.default\">\n\t\t\t\t<div class=\"elementor-widget-container\">\n\t\t\t\t\t    \t\r\n\t<!-- \r\n\t=============================================\r\n\t\tVcamp Text Block One\r\n\t============================================== \r\n\t-->\r\n\t<div class=\"vcamp-text-block-one mt-300 xl-mt-200 md-mt-120\">\r\n\t\t<div class=\"container\">\r\n\t\t\t<div class=\"row\">\r\n\t\t\t\t<div class=\"col-xxl-5 col-xl-6 col-lg-7 ms-auto\">\r\n\t\t\t\t\t<div class=\"text-wrapper pt-0\">\r\n\t\t\t\t\t\t\t\t\t\t\t\t<div class=\"title-style-two\">\r\n\t\t\t\t\t\t\t<h3 class=\"title\">M\u00e1s visibilidad,<span>m\u00e1s clientes,<\/span> m\u00e1s ventas.<\/h3>\r\n\t\t\t\t\t\t<\/div>\r\n\t\t\t\t\t\t\t\t\t\t\t\t<p class=\"meta-info-text text-lg\">Con Web Activa tu negocio crece online con estrategias efectivas en dise\u00f1o, redes sociales y Google Ads.<\/p>\t\t\t\t\t\t<a href=\"http:\/\/fastwpdemo.com\/newwp\/vcamp\/about-classic\/\" class=\"theme-btn-one ripple-btn\">VER MAS<\/a>\t\t\t\t\t<\/div>\r\n\t\t\t\t<\/div>\r\n\t\t\t<\/div>\r\n\t\t<\/div>\r\n\t\t<div class=\"left-img-meta\">\r\n\t\t\t<img decoding=\"async\" src=\"https:\/\/webactiva.cl\/wp-content\/uploads\/2025\/10\/smartphone.png\" alt=\"Awesome Image\">\t\t\t<img decoding=\"async\" src=\"https:\/\/webactiva.cl\/wp-content\/themes\/vcamp\/assets\/images\/shape\/shape_04.svg\" alt=\"Awesome Image\" class=\"shapes shape-one\">\r\n\t\t<\/div>\r\n\t\t\t\t\t<img decoding=\"async\" src=\"https:\/\/webactiva.cl\/wp-content\/themes\/vcamp\/assets\/images\/shape\/shape_05.svg\" alt=\"Awesome Image\" class=\"shapes shape-two\">\r\n\t\t\t<\/div> <!-- \/.vcamp-text-block-one -->\r\n\t<!-- \r\n\t=============================================\r\n\t\tEnd Vcamp Text Block One\r\n\t============================================== \r\n\t-->           \r\n     \t\t\t\t<\/div>\n\t\t\t\t<\/div>\n\t\t\t\t\t<\/div>\n\t\t<\/div>\n\t\t\t\t\t<\/div>\n\t\t<\/section>\n\t\t\t\t<section class=\"elementor-section elementor-top-section elementor-element elementor-element-f4fe824 elementor-section-full_width elementor-section-height-default elementor-section-height-default\" data-id=\"f4fe824\" data-element_type=\"section\">\n\t\t\t\t\t\t<div class=\"elementor-container elementor-column-gap-default\">\n\t\t\t\t\t<div class=\"elementor-column elementor-col-100 elementor-top-column elementor-element elementor-element-2d8f4b4\" data-id=\"2d8f4b4\" data-element_type=\"column\">\n\t\t\t<div class=\"elementor-widget-wrap elementor-element-populated\">\n\t\t\t\t\t\t<div class=\"elementor-element elementor-element-f531a25 elementor-widget elementor-widget-vcamp_call_to_action\" data-id=\"f531a25\" data-element_type=\"widget\" data-widget_type=\"vcamp_call_to_action.default\">\n\t\t\t\t<div class=\"elementor-widget-container\">\n\t\t\t\t\t\t<!--\n\t=====================================================\n\t\tVcamp Fancy Banner One\n\t=====================================================\n\t-->\n\t<div class=\"fancy-banner-one mt-200 lg-mt-120\" style=\"background-image:url('https:\/\/webactiva.cl\/wp-content\/uploads\/2025\/10\/slide15.png')\">\n\t\t<div class=\"inner-content position-relative\">\n\t\t\t<div class=\"container\">\n\t\t\t\t<div class=\"row align-items-center\">\n\t\t\t\t\t<div class=\"col-md-6\">\n\t\t\t\t\t\t\t\t\t\t\t\t<div class=\"title-style-five white-vr\">\n\t\t\t\t\t\t\t<h2 class=\"title\">S\u00famate al equipo<br> de Web Activa<\/h2>\n\t\t\t\t\t\t<\/div>\n\t\t\t\t\t\t\t\t\t\t\t<\/div>\n\t\t\t\t\t<div class=\"col-xl-5 col-md-6 ms-auto\">\n\t\t\t\t\t\t<p class=\"sm-pt-20\">Buscamos personas creativas, proactivas y apasionadas por el mundo digital.\nForma parte de un equipo que impulsa marcas y transforma ideas en resultados reales.<\/p>\t\t\t\t\t\t<a href=\"http:\/\/fastwpdemo.com\/newwp\/vcamp\/contact-agency\/\" class=\"theme-btn-one ripple-btn\">Enviar CV <img decoding=\"async\" src=\"https:\/\/webactiva.cl\/wp-content\/themes\/vcamp\/assets\/images\/icon\/icon_42.svg\" alt=\"Awesome Image\"><\/a>\t\t\t\t\t<\/div>\n\t\t\t\t<\/div>\n\t\t\t<\/div>\n\t\t<\/div>\n\t<\/div> <!-- \/.fancy-banner-one -->\n\t<!--\n\t=====================================================\n\t\tEnd Vcamp Fancy Banner One\n\t=====================================================\n\t-->\n\t\t\t\t\t<\/div>\n\t\t\t\t<\/div>\n\t\t\t\t\t<\/div>\n\t\t<\/div>\n\t\t\t\t\t<\/div>\n\t\t<\/section>\n\t\t\t\t<\/div>\n\t\t","protected":false},"excerpt":{"rendered":"<p>Sitios Web Dise\u00f1amos y desarrollamos p\u00e1ginas web modernas, r\u00e1pidas y adaptadas a tus necesidades VER MAS Redes Sociales que Conectan Creamos estrategias de contenido y gesti\u00f3n en redes sociales para aumentar tu visibilidad VER MAS Campa\u00f1as en Google Ads Potenciamos tu negocio con campa\u00f1as segmentadas y optimizadas en Google Ads VER MAS Nuestros Servicios Digitales [&hellip;]<\/p>\n","protected":false},"author":1,"featured_media":0,"parent":0,"menu_order":0,"comment_status":"closed","ping_status":"closed","template":"tpl-default-elementor.php","meta":{"footnotes":""},"class_list":["post-298","page","type-page","status-publish","hentry"],"_links":{"self":[{"href":"https:\/\/webactiva.cl\/index.php\/wp-json\/wp\/v2\/pages\/298","targetHints":{"allow":["GET"]}}],"collection":[{"href":"https:\/\/webactiva.cl\/index.php\/wp-json\/wp\/v2\/pages"}],"about":[{"href":"https:\/\/webactiva.cl\/index.php\/wp-json\/wp\/v2\/types\/page"}],"author":[{"embeddable":true,"href":"https:\/\/webactiva.cl\/index.php\/wp-json\/wp\/v2\/users\/1"}],"replies":[{"embeddable":true,"href":"https:\/\/webactiva.cl\/index.php\/wp-json\/wp\/v2\/comments?post=298"}],"version-history":[{"count":113,"href":"https:\/\/webactiva.cl\/index.php\/wp-json\/wp\/v2\/pages\/298\/revisions"}],"predecessor-version":[{"id":5568,"href":"https:\/\/webactiva.cl\/index.php\/wp-json\/wp\/v2\/pages\/298\/revisions\/5568"}],"wp:attachment":[{"href":"https:\/\/webactiva.cl\/index.php\/wp-json\/wp\/v2\/media?parent=298"}],"curies":[{"name":"wp","href":"https:\/\/api.w.org\/{rel}","templated":true}]}}